20, z = 5*n - 4*n - 5. Determine c(n).
-11
Let b(t) = 2*t - 54. Suppose -g - 179 + 200 = -5*m, 3*g = 5*m + 43. Give b(g).
-32
Let i(f) = f. Let j be 0 + -4 + 6 + -2. Suppose j = -v + 4*v - 12. Suppose 3*z - 5*s - 22 = 0, 3 = 2*z - v*s - 13. Calculate i(z).
4
Let u(k) = 2*k**2 + 10*k - 6. Suppose 0*w + 2*w + 39 = 29. Determine u(w).
-6
Let g(p) = -33*p + 4. Let l(d) = 32*d - 3. Let t(q) = -4*g(q) - 5*l(q). Suppose -5*u = -4*k - 29, 5*u - 34 = 2*k - 7. Let i be (3/(-3))/(-4 + u). Give t(i).
27
Let z(y) = -y**2 + 3*y + 11. Let g = -4889 - -4893. Determine z(g).
7
Let h(r) = 2*r**2 + 7*r - 27. Let m be h(-6). Let d be 0/5 - 2 - m - -5. Let o(b) = b + 26. Determine o(d).
26
Let a = -23791 - -23790. Let s(j) be the first derivative of j**2/2 + j - 1. Calculate s(a).
0
Let v = -2 - 3. Let m(c) be the first derivative of -23 - 3*c**2 + 5*c - 1/3*c**3. What is m(v)?
10
Let l(u) be the third derivative of 2*u**4/3 + 6*u**3 + 792*u**2 + 3. What is l(-2)?
4
Let z(a) be the second derivative of -5*a**3/2 - 5*a**2/2 + 3*a - 8. Let s(w) = -5*w - 2. Let t = 8 + 0. Let l(c) = t*s(c) - 3*z(c). Determine l(1).
4
Let s(u) = 3*u - 13. Let i(k) = 7. Let b(y) = 5*i(y) + s(y). Calculate b(2).
28
Let h(t) = 2*t + 97. Suppose 103*o - 4*a = 99*o + 4, 1 = -4*o - a. What is h(o)?
97
Suppose 19 = 2*t + 111. Let w = 50 + t. Let p(z) = -2 - 4*z**3 + 2*z**3 - 5*z**2 + 3*z**3 + z**2. Determine p(w).
-2
Let w(v) = -152*v + 633. Let b(c) = -305*c + 1200. Let d(j) = -6*b(j) + 13*w(j). Determine d(7).
7
Let a(m) = m**3 - m**2 - 2*m + 2. Let r(f) = -f**3 + 2*f**2 + 4*f - 3. Let s(k) = 5*a(k) + 3*r(k). Let i be ((-3)/9 + 3)*18/(-24). Calculate s(i).
-15
Let w(v) = 6*v - 7*v**2 + 1 - 7*v**2 + 25*v**2 - 12*v**2. Let b be ((-84)/(-24))/((-2)/36). Let g = -57 - b. Determine w(g).
1
Suppose v - 3*v - 3*g = -8, 5*v = -5*g + 15. Let t(r) = 5 - 1 - 8*r + 3*r - v + r**3 + 3*r**2. Give t(-4).
7
Let h(m) = -4*m. Let t be h(1). Let v(f) = 1. Let g = -611 + 612. Let p(c) = -c**2 + 3*c + 6. Let w(b) = g*p(b) + t*v(b). Give w(5).
-8
Let b be (88/(-10))/(-2) - (-16)/(-40). Let z(o) = -2*o - o - 3*o + b*o - 3. Give z(-4).
5
Let k(o) be the second derivative of -o**5/20 + o**4/2 + 7*o**3/6 - 11*o**2 - 17*o - 4. Calculate k(7).
-22
Let p(j) = j**2 + 3*j + 2. Let r(x) = 2*x**3 + x**2 - x + 725. Let k be r(0). Let o be k/(-261) + (-2)/9. Calculate p(o).
2
Let x be ((-12)/(-24))/((-1)/(-46)). Let c = -25 + x. Let v be (-192)/28 + c + (-52)/(-28). Let u(y) = -y - 4. Determine u(v).
3
Let l(x) = 4*x + 41. Let c(p) = p - 5 + 9 + 6. Let f = 48 - 50. Let i(d) = f*l(d) + 9*c(d). Calculate i(-9).
-1
Let f(u) = 6*u + 3. Suppose s = 44 - 37. Suppose -4*b - s + 15 = 0. What is f(b)?
15
Let f(c) = -51 - 5*c - 2*c + 10*c + c**2. Let h be f(-9). Let u(s) = -s**2 + 7*s - 4. Calculate u(h).
8
Let p(o) = 195*o + 2. Let y(v) = -124*v - 2. Let t(q) = -7*p(q) - 11*y(q). Calculate t(12).
-4
Let b be (-207)/(-828) + (-19)/(-4). Let m(f) = 2*f**2 - 15*f + 24. Determine m(b).
-1
Let r be (-16)/(-24) - 5/(-15). Let u(o) = 22*o**2 - 11*o**2 + r - 12*o**2 - 1. Give u(-2).
-4
Let b(k) = 70377*k - 35198*k - 13 - 35198*k. Give b(-1).
6
Let q(u) be the third derivative of -u**6/120 + 3*u**5/20 - 17*u**4/24 + u**3/6 - 803*u**2. Calculate q(5).
16
Let q be -1*(-1141)/(-14)*(3 + -1). Let t = -169 - q. Let c(u) = -u**2 - 7*u - 3. What is c(t)?
3
Let s(p) = -17*p - 177. Let t be s(-10). Let j(d) = 3*d - 6. Give j(t).
-27
Let s(m) be the first derivative of -m**2 + 1/3*m**3 + 241 - 1/4*m**4 + 2*m. What is s(2)?
-6
Let c(h) = 13*h**3 + h**2 + 4. Let x(m) = -66*m**3 - 12*m**2 - 3*m - 26. Let j(g) = 5*c(g) + x(g). Calculate j(-7).
15
Suppose -4*i - 2*o + 16 = 0, 4*i - o = 7 - 3. Let y(m) = -2*m**3 + m - 4. Determine y(i).
-18
Let g(c) = -5*c - 4. Let n(t) = t - 5. Let y(l) = -1. Let s(z) = -n(z) + 6*y(z). Let j(q) = 2*g(q) - 9*s(q). Determine j(7).
-6
Let m(n) = -n**2 - 8*n - 2. Let y be m(-7). Suppose -3*c - 631 + 640 = 0. Let h = y - c. Let g(p) = -p**2 + 2*p - 1. Calculate g(h).
-1
Let z be (230/(-69))/(1/(-258)). Let b(m) = -z*m + 860*m + 3*m**3. Give b(1).
3
Let b(a) = -52*a + 19. Let f(j) = 59*j - 19. Let k(c) = -8*b(c) - 7*f(c). What is k(-13)?
-58
Let w(x) be the third derivative of -x**6/120 - x**5/60 - x**4/12 - x**3/6 - 11*x**2 - 72*x. Suppose 4*y - 4 = 0, -y + 1 = 3*r + 6. Calculate w(r).
7
Let j(i) = i - 2. Let l(z) = -17*z - 5. Let r(x) = 8*x + 2. Let s = 10 - 4. Let o(g) = s*l(g) + 13*r(g). Let q(p) = 13*j(p) - 6*o(p). Determine q(0).
-2
Let t(m) be the second derivative of m**3/3 - 3*m**2 + 3*m. Let a = 4596 - 4589. Calculate t(a).
8
Suppose 196*u - 3358 = -26. Let c(r) = -r**3 + 18*r**2 - 17*r + 25. What is c(u)?
25
Suppose 14*h + 3*h = -17. Let g(m) be the first derivative of m**3 - m**2 - m + 328. What is g(h)?
4
Let f = 6942 - 6977. Let n(o) = o**3 + 36*o**2 + 32*o - 111. Determine n(f).
-6
Let j(k) = -38*k + 56 + 14 + 30*k - 14*k. What is j(3)?
4
Suppose 59*f + 2050 = 1814. Let q(c) = -c**3 - 4*c**2 + 5*c + 12. Give q(f).
-8
Suppose 3*r - 52 = -5*v, 3*r = -2*r + 20. Let i be 2 + (1 - 9)/v. Let b(o) be the second derivative of 4*o**5/5 - o**3/6 - o. Determine b(i).
15
Let a(g) be the third derivative of -g**4/8 + 28*g**3/3 + 21*g**2 + 9*g. Calculate a(17).
5
Let s(w) = 3*w + 1. Suppose -5*j - 4*x = -44, 4*j - 34 = -x - x. Let h(g) = 13 + 20 - 6 - 3*g - 6. Let r be h(j). Determine s(r).
-8
Let o = -2 + 7. Let u(h) be the second derivative of -h**6/720 + h**5/24 - 11*h**4/2 - 2*h + 3. Let p(v) be the third derivative of u(v). What is p(o)?
0
Let y(a) be the third derivative of a**6/120 - a**5/20 + a**4/8 - a**3/3 - 2*a**2. Suppose 5*d - 11 = 2*n, -d = -2*n + 91 - 90. Give y(n).
0
Suppose 0 = 14*z - 13*z. Let t = -1 + z. Let h(g) be the first derivative of 5*g**4/2 - g + 1. Give h(t).
-11
Let r(w) = 55*w + 5877. Let t be r(-107). Let l(g) = 5*g**2 + 36*g - 40. Determine l(t).
-8
Let p(q) = -q**2 + 2*q - 1. Let b be ((-3)/4*2)/(2/4). Let l be 4*((-6)/((-72)/(-33)) - b). Determine p(l).
0
Let x(p) = -5*p**2 - 26*p + 3. Suppose -8*f = -23*f - 75. What is x(f)?
8
Let s be 10/(-8)*(31 - 175)/(-18). Let t(y) = 83*y + 829. Calculate t(s).
-1
Let t(y) be the second derivative of -65*y**3/6 + 9*y**2/2 + 464*y - 1. Calculate t(1).
-56
Suppose -5*p + 4*y = y - 42, 3*p = -5*y - 2. Let q be 2/((-3)/((-9)/p)). Let v be q/(-1)*(-1 - 1). Let k(z) = -5*z - 1. Determine k(v).
-11
Let j(q) = -7 + 2*q + 1 + 0. Let y be j(5). Let i(t) = -5*t + 963. Let r(z) = 9*z - 1765. Let p(d) = 11*i(d) + 6*r(d). What is p(y)?
-1
Let r = 157 - 121. Let l(x) = 4 - 38*x - r*x + 76*x. Determine l(-2).
0
Let d(v) = 27*v - 549. Let r be d(20). Let o(u) = -u**3 - 7*u**2 + 17*u - 14. What is o(r)?
-5
Suppose 26 = 3*w + 8. Let f(a) = a**3 + 12*a**2 - 18*a - 66. Let l be f(-13). Let z be w*(-2)/(-4) + l + 1. Let j(k) = -3*k - 1. What is j(z)?
-10
Let c(n) = 58*n - 16. Let f(i) = -33*i + 8. Let v(r) = 4*c(r) + 7*f(r). Suppose t + 5*b = 10, -4 = 3*t - b - b. Calculate v(t).
-8
Let g(a) = 71*a + 40. Let j(c) = -6*c - 3. Let h(s) = -g(s) - 12*j(s). Let o = 5 + -9. Determine h(o).
-8
Let x be (-13)/(-52)*6/18. Let o(k) be the third derivative of 1/3*k**3 + 0 - 12*k**2 - 1/15*k**5 + 0*k + x*k**4. Determine o(-2).
-18
Suppose 5*r + 8 = 23. Let k(g) = -4*g - 25. Let l be k(-7). Suppose x - 7 = r*b, 4*x = -b + l*b - 12. Let i(p) = -p**3 - 5*p**2 - 4*p - 4. Give i(b).
-4
Let w(q) be the first derivative of q**5/120 - q**4/4 + 2*q**3/3 + 1. Let k(l) be the third derivative of w(l). Let x be 14 - (-12 + (26 - 3)). Determine k(x).
-3
Let f = -3165 + 3162. Let q(v) = -v**2 + v + 1. Let t(s) = -8*s**2 + 3*s + 5. Let y(m) = -6*q(m) + t(m). Give y(f).
-10
Let f(l) = -264*l - 2. Let n be f(1). Let q = n + 260. Let w(d) = d + 2. Determine w(q).
-4
Let f(y) = 2*y**3 - 23*y**2 - 12*y - 2. Let m(c) = -3*c**2 - 11*c + 2. Let n be m(-2). What is f(n)?
-2
Let l(x) = -x**3 + 7*x**2 - 7*x + 6. Let r = 38 - 44. Let m = r + 40. Let w = m + -28. Determine l(w).
0
Let u(w) = w. Let m(a) = 147*a. Let s(r) = -m(r) + 126*u(r). Let b = 251953 - 251952. What is s(b)?
-21
Let g(b) = 3*b**2 + 5*b - 10. Let z be g(-3). Let h(j) = 15*j**z + 5*j**2 - 21*j**2. Give h(-5).
-25
Let o(u) = -10*u + 109. Suppose 3*q = q - 3*p + 15, 0 = 5*q - 3*p + 15. Let d be o(q). Let f = d - 104. Let j(z) = z**2 - 5*z - 2. 